{"id":7,"date":"2020-08-11T09:22:04","date_gmt":"2020-08-11T12:22:04","guid":{"rendered":"http:\/\/fbinovacao.com.br\/?page_id=7"},"modified":"2023-01-24T21:43:53","modified_gmt":"2023-01-25T00:43:53","slug":"sobre","status":"publish","type":"page","link":"https:\/\/fbinovacao.com.br\/index.php\/sobre\/","title":{"rendered":"Sobre"},"content":{"rendered":"\t\t<div data-elementor-type=\"wp-page\" data-elementor-id=\"7\" class=\"elementor elementor-7\">\n\t\t\t\t\t\t\t\t\t<section class=\"elementor-section elementor-top-section elementor-element elementor-element-6b54c49 elementor-section-boxed elementor-section-height-default elementor-section-height-default\" data-id=\"6b54c49\" data-element_type=\"section\">\n\t\t\t\t\t\t<div class=\"elementor-container elementor-column-gap-default\">\n\t\t\t\t\t<div class=\"elementor-column elementor-col-100 elementor-top-column elementor-element elementor-element-2a29730\" data-id=\"2a29730\" data-element_type=\"column\">\n\t\t\t<div class=\"elementor-widget-wrap\">\n\t\t\t\t\t\t\t\t\t<\/div>\n\t\t<\/div>\n\t\t\t\t\t\t\t<\/div>\n\t\t<\/section>\n\t\t\t\t<section class=\"elementor-section elementor-top-section elementor-element elementor-element-ae51f3d elementor-section-boxed elementor-section-height-default elementor-section-height-default\" data-id=\"ae51f3d\" data-element_type=\"section\">\n\t\t\t\t\t\t<div class=\"elementor-container elementor-column-gap-default\">\n\t\t\t\t\t<div class=\"elementor-column elementor-col-100 elementor-top-column elementor-element elementor-element-c162968\" data-id=\"c162968\" data-element_type=\"column\">\n\t\t\t<div class=\"elementor-widget-wrap elementor-element-populated\">\n\t\t\t\t\t\t\t\t<div class=\"elementor-element elementor-element-92188ff elementor-position-top elementor-widget elementor-widget-image-box\" data-id=\"92188ff\" data-element_type=\"widget\" data-widget_type=\"image-box.default\">\n\t\t\t\t<div class=\"elementor-widget-container\">\n\t\t\t<div class=\"elementor-image-box-wrapper\"><figure class=\"elementor-image-box-img\"><img fetchpriority=\"high\" decoding=\"async\" width=\"223\" height=\"249\" src=\"https:\/\/fbinovacao.com.br\/wp-content\/uploads\/2020\/09\/Logo_FB_inovacao_PMG_Icon.png\" class=\"attachment-full size-full wp-image-415\" alt=\"\" \/><\/figure><div class=\"elementor-image-box-content\"><p class=\"elementor-image-box-description\">H\u00e1 mais de 20 anos a FB Inova\u00e7\u00e3o \u00e9 a solu\u00e7\u00e3o em presta\u00e7\u00e3o de servi\u00e7os e traz a  tradi\u00e7\u00e3o, confian\u00e7a e especializa\u00e7\u00e3o com m\u00e1xima qualidade para as \u00e1reas de limpeza, manuten\u00e7\u00e3o e conserva\u00e7\u00e3o em Supermercados, Industrias, Com\u00e9rcios, Hospitais, Clinicas M\u00e9dicas, Escrit\u00f3rios, Condom\u00ednios, Bancos, Shopping Centers, Clubes, Escolas, Faculdades, Universidades, Construtoras, Resid\u00eancias, entre outros. Atuamos em toda regi\u00e3o de Campinas, com profissionais altamente qualificados e comprometidos desde execu\u00e7\u00e3o, treinamento e controle, desenvolvemos cronogramas personalizados para atender as necessidades especificas de cada cliente.\n\n<\/p><\/div><\/div>\t\t<\/div>\n\t\t\t\t<\/div>\n\t\t\t\t\t<\/div>\n\t\t<\/div>\n\t\t\t\t\t\t\t<\/div>\n\t\t<\/section>\n\t\t\t\t\t\t\t<\/div>\n\t\t","protected":false},"excerpt":{"rendered":"<p>H\u00e1 mais de 20 anos a FB Inova\u00e7\u00e3o \u00e9 a solu\u00e7\u00e3o em presta\u00e7\u00e3o de servi\u00e7os e traz a tradi\u00e7\u00e3o, confian\u00e7a e especializa\u00e7\u00e3o com m\u00e1xima qualidade para as \u00e1reas de limpeza, manuten\u00e7\u00e3o e conserva\u00e7\u00e3o em Supermercados, Industrias, Com\u00e9rcios, Hospitais, Clinicas M\u00e9dicas, Escrit\u00f3rios, Condom\u00ednios, Bancos, Shopping Centers, Clubes, Escolas, Faculdades, Universidades, Construtoras, Resid\u00eancias, entre outros. Atuamos em&#8230;<\/p>\n","protected":false},"author":3,"featured_media":0,"parent":0,"menu_order":0,"comment_status":"closed","ping_status":"closed","template":"","meta":{"footnotes":""},"class_list":["post-7","page","type-page","status-publish","hentry"],"_links":{"self":[{"href":"https:\/\/fbinovacao.com.br\/index.php\/wp-json\/wp\/v2\/pages\/7","targetHints":{"allow":["GET"]}}],"collection":[{"href":"https:\/\/fbinovacao.com.br\/index.php\/wp-json\/wp\/v2\/pages"}],"about":[{"href":"https:\/\/fbinovacao.com.br\/index.php\/wp-json\/wp\/v2\/types\/page"}],"author":[{"embeddable":true,"href":"https:\/\/fbinovacao.com.br\/index.php\/wp-json\/wp\/v2\/users\/3"}],"replies":[{"embeddable":true,"href":"https:\/\/fbinovacao.com.br\/index.php\/wp-json\/wp\/v2\/comments?post=7"}],"version-history":[{"count":13,"href":"https:\/\/fbinovacao.com.br\/index.php\/wp-json\/wp\/v2\/pages\/7\/revisions"}],"predecessor-version":[{"id":581,"href":"https:\/\/fbinovacao.com.br\/index.php\/wp-json\/wp\/v2\/pages\/7\/revisions\/581"}],"wp:attachment":[{"href":"https:\/\/fbinovacao.com.br\/index.php\/wp-json\/wp\/v2\/media?parent=7"}],"curies":[{"name":"wp","href":"https:\/\/api.w.org\/{rel}","templated":true}]}}